re the prime factors of 797579?
797579
What are the prime factors of 5033471?
1619, 3109
List the prime factors of 728542.
2, 364271
What are the prime factors of 174807?
3, 19423
List the prime factors of 4963267.
4963267
List the prime factors of 11008478.
2, 13, 423403
What are the prime factors of 6378561?
3, 7, 33749
What are the prime factors of 223239?
3, 74413
What are the prime factors of 295666?
2, 7, 431
List the prime factors of 40371.
3, 13457
What are the prime factors of 1107867?
3, 131, 2819
What are the prime factors of 529242?
2, 3, 7, 12601
List the prime factors of 1225075.
5, 49003
List the prime factors of 911486.
2, 167, 2729
What are the prime factors of 2672372?
2, 668093
List the prime factors of 2987419.
83, 35993
What are the prime factors of 133474?
2, 11, 6067
What are the prime factors of 404391?
3, 13, 10369
List the prime factors of 88084.
2, 19, 61
What are the prime factors of 68932?
2, 19, 907
What are the prime factors of 1153566?
2, 3, 19, 3373
List the prime factors of 13082687.
13082687
What are the prime factors of 13146592?
2, 311, 1321
What are the prime factors of 20602498?
2, 7, 19, 73, 1061
What are the prime factors of 5004883?
13, 113, 3407
What are the prime factors of 93942?
2, 3, 17, 307
What are the prime factors of 4711092?
2, 3, 47, 8353
What are the prime factors of 10047117?
3, 3349039
List the prime factors of 7463504.
2, 19, 24551
What are the prime factors of 799379?
7, 114197
List the prime factors of 447592.
2, 55949
List the prime factors of 129816.
2, 3, 601
List the prime factors of 440281.
440281
What are the prime factors of 171078?
2, 3, 28513
List the prime factors of 4737135.
3, 5, 13, 17, 1429
List the prime factors of 971114.
2, 47, 10331
What are the prime factors of 5342480?
2, 5, 11, 13, 467
List the prime factors of 301725.
3, 5, 149
List the prime factors of 109686.
2, 3, 101, 181
List the prime factors of 74074.
2, 7, 11, 13, 37
List the prime factors of 1174477.
1174477
List the prime factors of 3222418.
2, 17, 94777
What are the prime factors of 157162?
2, 179, 439
What are the prime factors of 265379?
29, 9151
List the prime factors of 318692.
2, 11, 7243
List the prime factors of 17112665.
5, 293, 11681
What are the prime factors of 617540?
2, 5, 7, 11, 401
List the prime factors of 3384931.
11, 127, 2423
What are the prime factors of 4686944?
2, 149, 983
List the prime factors of 379108.
2, 94777
What are the prime factors of 7908097?
29, 272693
What are the prime factors of 3024386?
2, 173, 8741
List the prime factors of 1483186.
2, 741593
What are the prime factors of 826774?
2, 13, 31799
What are the prime factors of 197358?
2, 3, 7, 37, 127
List the prime factors of 18809582.
2, 11, 17, 19, 2647
What are the prime factors of 2877018?
2, 3, 19, 25237
List the prime factors of 32069500.
2, 5, 31, 2069
List the prime factors of 2121437.
29, 191, 383
What are the prime factors of 54345?
3, 5, 3623
List the prime factors of 61887.
3, 7, 421
What are the prime factors of 12458716?
2, 3114679
What are the prime factors of 142422?
2, 3, 7, 3391
What are the prime factors of 697446?
2, 3, 38747
List the prime factors of 373207.
373207
What are the prime factors of 312273?
3, 13, 17, 157
List the prime factors of 1490274.
2, 3, 82793
List the prime factors of 3812486.
2, 1906243
What are the prime factors of 6928100?
2, 5, 29, 2389
List the prime factors of 2429840.
2, 5, 7, 4339
What are the prime factors of 193651?
197, 983
What are the prime factors of 2839211?
101, 28111
What are the prime factors of 370346?
2, 23, 83, 97
What are the prime factors of 123035?
5, 11, 2237
List the prime factors of 10033762.
2, 127, 39503
What are the prime factors of 2665666?
2, 1332833
List the prime factors of 179469.
3, 17, 23
List the prime factors of 1355601.
3, 13, 34759
List the prime factors of 3518452.
2, 7, 125659
What are the prime factors of 295449?
3, 7, 11, 1279
List the prime factors of 256031.
256031
List the prime factors of 430193.
430193
What are the prime factors of 4071939?
3, 47, 28879
List the prime factors of 32777643.
3, 10925881
What are the prime factors of 418927?
418927
List the prime factors of 246217.
246217
What are the prime factors of 273384?
2, 3, 3797
List the prime factors of 20971402.
2, 19, 67, 8237
What are the prime factors of 233946?
2, 3, 41, 317
List the prime factors of 4581854.
2, 2290927
What are the prime factors of 132226?
2, 17, 3889
What are the prime factors of 1147322?
2, 11, 431
What are the prime factors of 45795?
3, 5, 43, 71
List the prime factors of 99552.
2, 3, 17, 61
What are the prime factors of 1163067?
3, 59, 6571
List the prime factors of 286717.
163, 1759
What are the prime factors of 382124?
2, 95531
List the prime factors of 393528.
2, 3, 19, 863
List the prime factors of 3269472.
2, 3, 34057
List the prime factors of 3701087.
13, 17, 16747
List the prime factors of 6183597.
3, 7, 17, 17321
What are the prime factors of 115866?
2, 3, 41, 157
List the prime factors of 2682160.
2, 5, 13, 2579
What are the prime factors of 1514021?
23, 65827
What are the prime factors of 8272579?
7, 73, 16189
List the prime factors of 12926643.
3, 4308881
What are the prime factors of 2024693?
11, 29, 577
List the prime factors of 3518275.
5, 140731
List the prime factors of 3224859.
3, 11, 79, 1237
List the prime factors of 434241.
3, 1787
What are the prime factors of 6415624?
2, 787, 1019
What are the prime factors of 82099?
19, 29, 149
List the prime factors of 13212919.
13212919
List the prime factors of 21285270.
2, 3, 5, 236503
List the prime factors of 418710.
2, 3, 5, 17, 821
List the prime factors of 3226836.
2, 3, 109, 2467
What are the prime factors of 302716?
2, 75679
List the prime factors of 294215.
5, 19, 163
What are the prime factors of 779572?
2, 79, 2467
What are the prime factors of 205253?
205253
What are the prime factors of 113113?
7, 11, 13, 113
What are the prime factors of 3019322?
2, 41, 36821
List the prime factors of 183838.
2, 17, 5407
What are the prime factors of 877025?
5, 35081
List the prime factors of 3600774.
2, 3, 31, 239
List the prime factors of 8325741.
3, 2775247
What are the prime factors of 168744?
2, 3, 79, 89
List the prime factors of 1253997.
3, 139333
What are the prime factors of 12607842?
2, 3, 13, 161639
What are the prime factors of 961117?
961117
What are the prime factors of 582686?
2, 13, 73, 307
List the prime factors of 5725040.
2, 5, 71563
What are the prime factors of 2778235?
5, 193, 2879
List the prime factors of 6180245.
5, 181, 6829
What are the prime factors of 727081?
227, 3203
List the prime factors of 7215431.
67, 107693
List the prime factors of 2841745.
5, 568349
What are the prime factors of 84669?
3, 13, 167
List the prime factors of 23553064.
2, 2944133
What are the prime factors of 25418544?
2, 3, 173, 3061
List the prime factors of 15232713.
3, 1901, 2671
List the prime factors of 87732.
2, 3, 2437
What are the prime factors of 2087328?
2, 3, 17, 1279
List the prime factors of 683494.
2, 7, 48821
What are the prime factors of 23144563?
13, 1780351
List the prime factors of 278346.
2, 3, 23, 2017
What are the prime factors of 2987288?
2, 59, 6329
List the prime factors of 36256.
2, 11, 103
List the prime factors of 462750.
2, 3, 5, 617
List the prime factors of 110997.
3, 4111
What are the prime factors of 51661?
19, 2719
List the prime factors of 5672186.
2, 13, 17, 41, 313
What are the prime factors of 25199579?
29, 868951
What are the prime factors of 50016?
2, 3, 521
List the prime factors of 551825.
5, 22073
List the prime factors of 85758.
2, 3, 14293
What are the prime factors of 957012?
2, 3, 7, 11393
List the prime factors of 42107391.
3, 29, 53777
List the prime factors of 238044.
2, 3, 83, 239
What are the prime factors of 3102058?
2, 17, 91237
What are the prime factors of 38?
2, 19
List the prime factors of 51821.
7, 11, 673
List the prime factors of 11521145.
5, 2304229
What are the prime factors of 894527?
894527
List the prime factors of 79989.
3, 7, 13, 293
List the prime factors of 961319.
961319
What are the prime factors of 418647?
3, 53, 2633
List the prime factors of 5222625.
3, 5, 19, 733
What are the prime factors of 10299122?
2, 853, 